{"id":898,"date":"2021-09-15T13:10:52","date_gmt":"2021-09-15T13:10:52","guid":{"rendered":"https:\/\/xn--cabaanat-g3a.com.ar\/wp\/index.php\/colibri-wp\/"},"modified":"2021-11-11T13:46:33","modified_gmt":"2021-11-11T13:46:33","slug":"colibri-wp","status":"publish","type":"page","link":"https:\/\/xn--cabaanat-g3a.com.ar\/","title":{"rendered":"Front Page"},"content":{"rendered":"<div data-colibri-id=\"898-c1\" class=\"style-227 style-local-898-c1 position-relative\">\n  <!---->\n  <div data-colibri-component=\"section\" data-colibri-id=\"898-c2\" id=\"testimonials\" class=\"h-section h-section-global-spacing d-flex align-items-lg-center align-items-md-center align-items-center style-300 style-local-898-c2 position-relative\">\n    <!---->\n    <!---->\n    <div class=\"h-section-grid-container h-section-boxed-container\">\n      <!---->\n      <div data-colibri-id=\"898-c3\" class=\"h-row-container gutters-row-lg-2 gutters-row-md-2 gutters-row-0 gutters-row-v-lg-2 gutters-row-v-md-2 gutters-row-v-2 style-878 style-local-898-c3 position-relative\">\n        <!---->\n        <div class=\"h-row justify-content-lg-center justify-content-md-center justify-content-center align-items-lg-stretch align-items-md-stretch align-items-stretch gutters-col-lg-2 gutters-col-md-2 gutters-col-0 gutters-col-v-lg-2 gutters-col-v-md-2 gutters-col-v-2\">\n          <!---->\n          <div class=\"h-column h-column-container d-flex h-col-lg-auto h-col-md-auto h-col-auto style-879-outer style-local-898-c4-outer\">\n            <div data-colibri-id=\"898-c4\" class=\"d-flex h-flex-basis h-column__inner h-px-lg-2 h-px-md-2 h-px-2 v-inner-lg-2 v-inner-md-2 v-inner-2 style-879 style-local-898-c4 position-relative\">\n              <!---->\n              <!---->\n              <div class=\"w-100 h-y-container h-column__content h-column__v-align flex-basis-100 align-self-lg-start align-self-md-start align-self-start\">\n                <!---->\n                <div data-colibri-id=\"898-c5\" class=\"d-block style-877 style-local-898-c5 position-relative h-element\">\n                  <!---->\n                  <div class=\"h-image__frame-container-outer\">\n                    <div class=\"h-image__frame-container\">\n                      <!---->\n                      <!---->\n                      <img loading=\"lazy\" decoding=\"async\" width=\"1182\" height=\"866\" src=\"https:\/\/xn--cabaanat-g3a.com.ar\/wp\/wp-content\/uploads\/2021\/11\/cropped-bienve-perso-1.png\" class=\"wp-image-1568 style-877-image style-local-898-c5-image\" alt=\"\" srcset=\"https:\/\/xn--cabaanat-g3a.com.ar\/wp\/wp-content\/uploads\/2021\/11\/cropped-bienve-perso-1.png 1182w, https:\/\/xn--cabaanat-g3a.com.ar\/wp\/wp-content\/uploads\/2021\/11\/cropped-bienve-perso-1-300x220.png 300w, https:\/\/xn--cabaanat-g3a.com.ar\/wp\/wp-content\/uploads\/2021\/11\/cropped-bienve-perso-1-1024x750.png 1024w, https:\/\/xn--cabaanat-g3a.com.ar\/wp\/wp-content\/uploads\/2021\/11\/cropped-bienve-perso-1-768x563.png 768w\" sizes=\"auto, (max-width: 1182px) 100vw, 1182px\" \/>\n                      <div class=\"h-image__frame h-hide-lg h-hide-md h-hide-sm style-877-frameImage style-local-898-c5-frameImage\"><\/div>\n                    <\/div>\n                  <\/div>\n                <\/div>\n              <\/div>\n            <\/div>\n          <\/div>\n        <\/div>\n      <\/div>\n      <div data-colibri-id=\"898-c6\" class=\"h-row-container gutters-row-lg-2 gutters-row-md-2 gutters-row-2 gutters-row-v-lg-2 gutters-row-v-md-2 gutters-row-v-2 style-301 style-local-898-c6 position-relative\">\n        <!---->\n        <div class=\"h-row justify-content-lg-center justify-content-md-center justify-content-center align-items-lg-stretch align-items-md-stretch align-items-stretch gutters-col-lg-2 gutters-col-md-2 gutters-col-2 gutters-col-v-lg-2 gutters-col-v-md-2 gutters-col-v-2\">\n          <!---->\n          <div class=\"h-column h-column-container d-flex h-col-lg-auto h-col-md-auto h-col-auto style-307-outer style-local-898-c7-outer\">\n            <div data-colibri-id=\"898-c7\" class=\"d-flex h-flex-basis h-column__inner h-px-lg-0 h-px-md-0 h-px-0 v-inner-lg-0 v-inner-md-0 v-inner-0 style-307 style-local-898-c7 position-relative\">\n              <!---->\n              <!---->\n              <div class=\"w-100 h-y-container h-column__content h-column__v-align flex-basis-100 align-self-lg-start align-self-md-start align-self-start\">\n                <!---->\n                <div data-colibri-id=\"898-c8\" class=\"h-row-container gutters-row-lg-2 gutters-row-md-2 gutters-row-0 gutters-row-v-lg-2 gutters-row-v-md-2 gutters-row-v-2 style-308 style-local-898-c8 position-relative\">\n                  <!---->\n                  <div class=\"h-row justify-content-lg-center justify-content-md-center justify-content-center align-items-lg-stretch align-items-md-stretch align-items-stretch gutters-col-lg-2 gutters-col-md-2 gutters-col-0 gutters-col-v-lg-2 gutters-col-v-md-2 gutters-col-v-2\">\n                    <!---->\n                    <div class=\"h-column h-column-container d-flex h-col-lg-6 h-col-md-6 h-col-12 style-309-outer style-local-898-c9-outer\">\n                      <div data-colibri-id=\"898-c9\" class=\"d-flex h-flex-basis h-column__inner h-px-lg-3 h-px-md-3 h-px-3 v-inner-lg-3 v-inner-md-3 v-inner-3 style-309 style-local-898-c9 position-relative\">\n                        <!---->\n                        <!---->\n                        <div class=\"w-100 h-y-container h-column__content h-column__v-align flex-basis-100 align-self-lg-start align-self-md-start align-self-start\">\n                          <!---->\n                          <div data-colibri-id=\"898-c10\" class=\"h-icon style-310 style-local-898-c10 position-relative h-element\">\n                            <!----><span class=\"h-svg-icon h-icon__icon style-310-icon style-local-898-c10-icon\"><!--Icon by Font Awesome (https:\/\/fontawesome.com)--><svg version=\"1.1\" xmlns=\"http:\/\/www.w3.org\/2000\/svg\" xmlns:xlink=\"http:\/\/www.w3.org\/1999\/xlink\" id=\"heart-o\" viewBox=\"0 0 1792 1896.0833\"><path d=\"M1664 596q0-81-21.5-143t-55-98.5T1506 295t-94-31-98-8-112 25.5-110.5 64-86.5 72-60 61.5q-18 22-49 22t-49-22q-24-28-60-61.5t-86.5-72-110.5-64T478 256t-98 8-94 31-81.5 59.5-55 98.5T128 596q0 168 187 355l581 560 580-559q188-188 188-356zm128 0q0 221-229 450l-623 600q-18 18-44 18t-44-18l-624-602q-10-8-27.5-26T145 952.5 77 855 23.5 734 0 596q0-220 127-344t351-124q62 0 126.5 21.5t120 58T820 276t76 68q36-36 76-68t95.5-68.5 120-58T1314 128q224 0 351 124t127 344z\"><\/path><\/svg><\/span><\/div>\n                          <div\n                            data-colibri-id=\"898-c11\" class=\"h-text h-text-component style-311 style-local-898-c11 position-relative h-element\">\n                            <!---->\n                            <!---->\n                            <div class=\"\">\n                              <p>&#8230;Cuando mi hija prob\u00f3 las milanesas dijo: estas son milanesas de verdad!!!&#8230;<\/p>\n                            <\/div>\n                        <\/div>\n                      <\/div>\n                    <\/div>\n                  <\/div>\n                  <div class=\"h-column h-column-container d-flex h-col-lg-6 h-col-md-6 h-col-12 style-309-outer style-local-898-c12-outer\">\n                    <div data-colibri-id=\"898-c12\" class=\"d-flex h-flex-basis h-column__inner h-px-lg-3 h-px-md-3 h-px-3 v-inner-lg-3 v-inner-md-3 v-inner-3 style-309 style-local-898-c12 position-relative\">\n                      <!---->\n                      <!---->\n                      <div class=\"w-100 h-y-container h-column__content h-column__v-align flex-basis-100 align-self-lg-start align-self-md-start align-self-start\">\n                        <!---->\n                        <div data-colibri-id=\"898-c13\" class=\"h-icon style-310 style-local-898-c13 position-relative h-element\">\n                          <!----><span class=\"h-svg-icon h-icon__icon style-310-icon style-local-898-c13-icon\"><!--Icon by Font Awesome (https:\/\/fontawesome.com)--><svg version=\"1.1\" xmlns=\"http:\/\/www.w3.org\/2000\/svg\" xmlns:xlink=\"http:\/\/www.w3.org\/1999\/xlink\" id=\"thumbs-up\" viewBox=\"0 0 1664 1896.0833\"><path d=\"M256 1344q0-26-19-45t-45-19q-27 0-45.5 19t-18.5 45q0 27 18.5 45.5T192 1408q26 0 45-18.5t19-45.5zm160-512v640q0 26-19 45t-45 19H64q-26 0-45-19t-19-45V832q0-26 19-45t45-19h288q26 0 45 19t19 45zm1184 0q0 86-55 149 15 44 15 76 3 76-43 137 17 56 0 117-15 57-54 94 9 112-49 181-64 76-197 78h-129q-66 0-144-15.5t-121.5-29T702 1580q-123-43-158-44-26-1-45-19.5t-19-44.5V831q0-25 18-43.5t43-20.5q24-2 76-59t101-121q68-87 101-120 18-18 31-48t17.5-48.5T881 310q7-39 12.5-61t19.5-52 34-50q19-19 45-19 46 0 82.5 10.5t60 26 40 40.5 24 45 12 50 5 45 .5 39q0 38-9.5 76t-19 60-27.5 56q-3 6-10 18t-11 22-8 24h277q78 0 135 57t57 135z\"><\/path><\/svg><\/span><\/div>\n                        <div\n                          data-colibri-id=\"898-c14\" class=\"h-text h-text-component style-311 style-local-898-c14 position-relative h-element\">\n                          <!---->\n                          <!---->\n                          <div class=\"\">\n                            <p>&#8230;Las milanesas de Caba\u00f1aNat son muy buenas!&#8230; Las como siempre y est\u00e1n b\u00e1rbaras!&nbsp;<\/p>\n                          <\/div>\n                      <\/div>\n                    <\/div>\n                  <\/div>\n                <\/div>\n              <\/div>\n            <\/div>\n          <\/div>\n        <\/div>\n      <\/div>\n    <\/div>\n  <\/div>\n<\/div>\n<\/div>\n<\/div>","protected":false},"excerpt":{"rendered":"<p>&#8230;Cuando mi hija prob\u00f3 las milanesas dijo: estas son milanesas de verdad!!!&#8230; &#8230;Las milanesas de Caba\u00f1aNat son muy buenas!&#8230; Las como siempre y est\u00e1n b\u00e1rbaras!&nbsp;<\/p>\n","protected":false},"author":1,"featured_media":0,"parent":0,"menu_order":0,"comment_status":"closed","ping_status":"closed","template":"page-templates\/homepage.php","meta":{"_monsterinsights_skip_tracking":false,"_monsterinsights_sitenote_active":false,"_monsterinsights_sitenote_note":"","_monsterinsights_sitenote_category":0,"footnotes":""},"class_list":["post-898","page","type-page","status-publish","hentry"],"aioseo_notices":[],"_links":{"self":[{"href":"https:\/\/xn--cabaanat-g3a.com.ar\/index.php\/wp-json\/wp\/v2\/pages\/898","targetHints":{"allow":["GET"]}}],"collection":[{"href":"https:\/\/xn--cabaanat-g3a.com.ar\/index.php\/wp-json\/wp\/v2\/pages"}],"about":[{"href":"https:\/\/xn--cabaanat-g3a.com.ar\/index.php\/wp-json\/wp\/v2\/types\/page"}],"author":[{"embeddable":true,"href":"https:\/\/xn--cabaanat-g3a.com.ar\/index.php\/wp-json\/wp\/v2\/users\/1"}],"replies":[{"embeddable":true,"href":"https:\/\/xn--cabaanat-g3a.com.ar\/index.php\/wp-json\/wp\/v2\/comments?post=898"}],"version-history":[{"count":7,"href":"https:\/\/xn--cabaanat-g3a.com.ar\/index.php\/wp-json\/wp\/v2\/pages\/898\/revisions"}],"predecessor-version":[{"id":1614,"href":"https:\/\/xn--cabaanat-g3a.com.ar\/index.php\/wp-json\/wp\/v2\/pages\/898\/revisions\/1614"}],"wp:attachment":[{"href":"https:\/\/xn--cabaanat-g3a.com.ar\/index.php\/wp-json\/wp\/v2\/media?parent=898"}],"curies":[{"name":"wp","href":"https:\/\/api.w.org\/{rel}","templated":true}]}}